2.2 logcat
From TouchDroid Public Wiki
This is the logcat dump from the 2.2 QuINC install on a HP TouchPad:
--------- beginning of /dev/log/system
I/WindowManager( 164): WIN DEATH: Window{46bff180 com.noshufou.android.su/com.noshufou.android.su.UpdaterActivity paused=false}
I/WindowManager( 164): WIN DEATH: Window{469bbdd8 com.noshufou.android.su/com.noshufou.android.su.Su paused=false}
I/UsageStats( 164): Unexpected resume of com.android.launcher while already resumed in com.noshufou.android.su
W/InputManagerService( 164): Got RemoteException sending setActive(false) notification to pid 9065 uid 10043
W/ActivityManager( 164): Activity destroy timeout for HistoryRecord{46cacbd8 com.noshufou.android.su/.UpdaterActivity}
D/WifiService( 164): ACTION_BATTERY_CHANGED pluggedType: 2
D/WifiService( 164): ACTION_BATTERY_CHANGED pluggedType: 2
I/WindowManager( 164): Setting rotation to 2, animFlags=0
I/ActivityManager( 164): Config changed: { scale=1.0 imsi=0/0 loc=md_US touch=3 keys=2/1/2 nav=3/1 orien=2 layout=19 uiMode=17 seq=38}
I/UsageStats( 164): Unexpected resume of com.android.launcher while already resumed in com.android.launcher
I/WindowManager( 164): Setting rotation to 1, animFlags=0
I/ActivityManager( 164): Config changed: { scale=1.0 imsi=0/0 loc=md_US touch=3 keys=2/1/2 nav=3/1 orien=1 layout=19 uiMode=17 seq=39}
I/UsageStats( 164): Unexpected resume of com.android.launcher while already resumed in com.android.launcher
I/ActivityManager( 164): Starting activity: Intent { act=android.intent.action.MAIN cat=[android.intent.category.LAUNCHER] flg=0x10200000 cmp=com.noshufou.android.su/.Su }
I/ActivityManager( 164): Start proc com.noshufou.android.su for activity com.noshufou.android.su/.Su: pid=9138 uid=10043 gids={3003}
D/WifiService( 164): ACTION_BATTERY_CHANGED pluggedType: 2
D/WifiService( 164): ACTION_BATTERY_CHANGED pluggedType: 2
I/WindowManager( 164): Setting rotation to 2, animFlags=0
I/ActivityManager( 164): Config changed: { scale=1.0 imsi=0/0 loc=md_US touch=3 keys=2/1/2 nav=3/1 orien=2 layout=19 uiMode=17 seq=40}
I/UsageStats( 164): Unexpected resume of com.noshufou.android.su while already resumed in com.noshufou.android.su
D/WifiService( 164): ACTION_BATTERY_CHANGED pluggedType: 2
I/WindowManager( 164): Setting rotation to 1, animFlags=0
I/ActivityManager( 164): Config changed: { scale=1.0 imsi=0/0 loc=md_US touch=3 keys=2/1/2 nav=3/1 orien=1 layout=19 uiMode=17 seq=41}
I/UsageStats( 164): Unexpected resume of com.noshufou.android.su while already resumed in com.noshufou.android.su
D/WifiService( 164): ACTION_BATTERY_CHANGED pluggedType: 2
D/WifiService( 164): ACTION_BATTERY_CHANGED pluggedType: 2
D/WifiService( 164): ACTION_BATTERY_CHANGED pluggedType: 2
D/WifiService( 164): ACTION_BATTERY_CHANGED pluggedType: 2
D/WifiService( 164): ACTION_BATTERY_CHANGED pluggedType: 2
D/WifiService( 164): ACTION_BATTERY_CHANGED pluggedType: 2
I/WindowManager( 164): Setting rotation to 2, animFlags=0
I/ActivityManager( 164): Config changed: { scale=1.0 imsi=0/0 loc=md_US touch=3 keys=2/1/2 nav=3/1 orien=2 layout=19 uiMode=17 seq=42}
I/UsageStats( 164): Unexpected resume of com.noshufou.android.su while already resumed in com.noshufou.android.su
I/WindowManager( 164): Setting rotation to 1, animFlags=0
I/ActivityManager( 164): Config changed: { scale=1.0 imsi=0/0 loc=md_US touch=3 keys=2/1/2 nav=3/1 orien=1 layout=19 uiMode=17 seq=43}
I/UsageStats( 164): Unexpected resume of com.noshufou.android.su while already resumed in com.noshufou.android.su
I/ActivityManager( 164): No longer want android.process.acore (pid 978): hidden #16
I/ActivityManager( 164): Starting activity: Intent { act=android.intent.action.MAIN cat=[android.intent.category.LAUNCHER] flg=0x10200000 cmp=com.snappz.market/.App }
I/ActivityManager( 164): Start proc com.snappz.market for activity com.snappz.market/.App: pid=9247 uid=10042 gids={3003, 1015}
D/WifiService( 164): ACTION_BATTERY_CHANGED pluggedType: 2
D/WifiService( 164): ACTION_BATTERY_CHANGED pluggedType: 2
I/ActivityManager( 164): Starting activity: Intent { act=android.intent.action.VIEW227629942 cmp=com.snappz.market/.installAPK bnds=[224,257][544,321] (has extras) }
W/ActivityManager( 164): startActivity called from non-Activity context; forcing Intent.FLAG_ACTIVITY_NEW_TASK for: Intent { act=android.intent.action.VIEW227629942 cmp=com.snappz.market/.installAPK bnds=[224,257][544,321] (has extras) }
I/ActivityManager( 164): Starting activity: Intent { act=android.intent.action.VIEW dat=file:///sdcard/SnappzMarket/Applications/Snappz_2.0.3.apk typ=application/vnd.android.package-archive flg=0x10000000 cmp=com.android.packageinstaller/.PackageInstallerActivity }
I/ActivityManager( 164): Start proc com.android.packageinstaller for activity com.android.packageinstaller/.PackageInstallerActivity: pid=9287 uid=10026 gids={}
I/ActivityManager( 164): No longer want com.android.qualcomm (pid 1525): hidden #16
W/ActivityManager( 164): Scheduling restart of crashed service com.android.qualcomm/.DunService in 5000ms
D/WifiService( 164): ACTION_BATTERY_CHANGED pluggedType: 2
I/ActivityManager( 164): Starting activity: Intent { act=android.settings.APPLICATION_SETTINGS cmp=com.android.settings/.ApplicationSettings }
I/ActivityManager( 164): Start proc com.android.qualcomm for service com.android.qualcomm/.DunService: pid=9298 uid=1000 gids={3002, 3001, 3003, 1006, 1015}
W/InputManagerService( 164): Window already focused, ignoring focus gain of: com.android.internal.view.IInputMethodClient$Stub$Proxy@469ee2b0
W/InputManagerService( 164): Window already focused, ignoring focus gain of: com.android.internal.view.IInputMethodClient$Stub$Proxy@46a8b490
D/WifiService( 164): ACTION_BATTERY_CHANGED pluggedType: 2
I/ActivityManager( 164): No longer want com.android.development (pid 997): hidden #16
I/ActivityManager( 164): Starting activity: Intent { act=android.intent.action.MAIN cat=[android.intent.category.LAUNCHER] flg=0x10200000 cmp=com.snappz.market/.App }
D/WifiService( 164): ACTION_BATTERY_CHANGED pluggedType: 2
I/ActivityManager( 164): Starting activity: Intent { act=android.intent.action.VIEW227680313 cmp=com.snappz.market/.installAPK bnds=[224,257][544,321] (has extras) }
W/ActivityManager( 164): startActivity called from non-Activity context; forcing Intent.FLAG_ACTIVITY_NEW_TASK for: Intent { act=android.intent.action.VIEW227680313 cmp=com.snappz.market/.installAPK bnds=[224,257][544,321] (has extras) }
I/ActivityManager( 164): Starting activity: Intent { act=android.intent.action.VIEW dat=file:///sdcard/SnappzMarket/Applications/Snappz_2.0.3.apk typ=application/vnd.android.package-archive flg=0x10000000 cmp=com.android.packageinstaller/.PackageInstallerActivity }
I/ActivityManager( 164): Starting activity: Intent { dat=file:///sdcard/SnappzMarket/Applications/Snappz_2.0.3.apk cmp=com.android.packageinstaller/.InstallAppProgress (has extras) }
I/ActivityManager( 164): Force stopping package com.snappz.market uid=10042
I/ActivityManager( 164): Force finishing activity HistoryRecord{46a80898 com.snappz.market/.App}
I/WindowManager( 164): WIN DEATH: Window{46a19f50 com.snappz.market/com.snappz.market.App paused=true}
I/PackageManager( 164): Package com.snappz.market codePath changed from /data/app/com.snappz.market-1.apk to /data/app/com.snappz.market-2.apk; Retaining data and using new
I/ActivityManager( 164): Force stopping package com.snappz.market uid=10042
W/PackageManager( 164): Code path for pkg : com.snappz.market changing from /data/app/com.snappz.market-1.apk to /data/app/com.snappz.market-2.apk
W/PackageManager( 164): Resource path for pkg : com.snappz.market changing from /data/app/com.snappz.market-1.apk to /data/app/com.snappz.market-2.apk
W/PackageManager( 164): Not granting permission android.permission.INSTALL_PACKAGES to package com.snappz.market (protectionLevel=3 flags=0xbe46)
W/PackageManager( 164): Unknown permission android.permission.ACTION_PACKAGE_INSTALL in package com.snappz.market
I/ActivityManager( 164): Force stopping package com.snappz.market uid=10042
W/RecognitionManagerService( 164): no available voice recognition services found
I/ActivityManager( 164): Starting activity: Intent { act=android.intent.action.MAIN flg=0x10000000 cmp=com.snappz.market/.App }
I/ActivityManager( 164): Start proc com.snappz.market for activity com.snappz.market/.App: pid=9341 uid=10042 gids={3003, 1015}
D/WifiService( 164): ACTION_BATTERY_CHANGED pluggedType: 2
D/WifiService( 164): ACTION_BATTERY_CHANGED pluggedType: 2
D/WifiService( 164): ACTION_BATTERY_CHANGED pluggedType: 2
W/ActivityManager( 164): Duplicate finish request for HistoryRecord{46a3f268 com.snappz.market/.App}
D/WifiService( 164): ACTION_BATTERY_CHANGED pluggedType: 2
D/WifiService( 164): ACTION_BATTERY_CHANGED pluggedType: 2
D/WifiService( 164): ACTION_BATTERY_CHANGED pluggedType: 2
D/WifiService( 164): ACTION_BATTERY_CHANGED pluggedType: 2
D/WifiService( 164): ACTION_BATTERY_CHANGED pluggedType: 2
D/WifiService( 164): ACTION_BATTERY_CHANGED pluggedType: 2
D/WifiService( 164): ACTION_BATTERY_CHANGED pluggedType: 2
D/WifiService( 164): ACTION_BATTERY_CHANGED pluggedType: 2
D/WifiService( 164): ACTION_BATTERY_CHANGED pluggedType: 2
D/WifiService( 164): ACTION_BATTERY_CHANGED pluggedType: 2
I/ActivityManager( 164): Starting activity: Intent { act=android.intent.action.MAIN cat=[android.intent.category.LAUNCHER] flg=0x10200000 cmp=com.speedsoftware.rootexplorer/.RootExplorer }
D/ConnectivityService( 164): ConnectivityChange for WIFI: CONNECTING/AUTHENTICATING
D/ConnectivityService( 164): Dropping ConnectivityChange for WIFI: CONNECTING/AUTHENTICATING
D/ConnectivityService( 164): ConnectivityChange for WIFI: CONNECTED/CONNECTED
D/ConnectivityService( 164): Got Network Connection Succ from Driver nwtype=1
D/WifiWatchdogService( 164): (android.server.ServerThread) (.)(.) (00:18:e7:e4:28:1c) does not require the watchdog
D/ConnectivityService( 164): adding dns 192.168.0.1 for WIFI
D/ConnectivityService( 164): Dropping ConnectivityChange for WIFI: CONNECTED/CONNECTED
D/WifiService( 164): ACTION_BATTERY_CHANGED pluggedType: 2
D/WifiService( 164): ACTION_BATTERY_CHANGED pluggedType: 2
D/WifiService( 164): ACTION_BATTERY_CHANGED pluggedType: 2
D/WifiService( 164): ACTION_BATTERY_CHANGED pluggedType: 2
D/WifiService( 164): ACTION_BATTERY_CHANGED pluggedType: 2
W/InputManagerService( 164): Window already focused, ignoring focus gain of: com.android.internal.view.IInputMethodClient$Stub$Proxy@46a82000
D/WifiService( 164): ACTION_BATTERY_CHANGED pluggedType: 2
D/WifiService( 164): ACTION_BATTERY_CHANGED pluggedType: 2
D/WifiService( 164): ACTION_BATTERY_CHANGED pluggedType: 2
D/WifiService( 164): ACTION_BATTERY_CHANGED pluggedType: 2
I/WindowManager( 164): Setting rotation to 2, animFlags=0
I/ActivityManager( 164): Config changed: { scale=1.0 imsi=0/0 loc=md_US touch=3 keys=2/1/2 nav=3/1 orien=2 layout=19 uiMode=17 seq=44}
I/WindowManager( 164): Setting rotation to 1, animFlags=0
I/ActivityManager( 164): Config changed: { scale=1.0 imsi=0/0 loc=md_US touch=3 keys=2/1/2 nav=3/1 orien=1 layout=19 uiMode=17 seq=45}
D/WifiService( 164): ACTION_BATTERY_CHANGED pluggedType: 2
D/WifiService( 164): ACTION_BATTERY_CHANGED pluggedType: 2
W/InputManagerService( 164): Window already focused, ignoring focus gain of: com.android.internal.view.IInputMethodClient$Stub$Proxy@469ab410
D/WifiService( 164): ACTION_BATTERY_CHANGED pluggedType: 2
D/WifiService( 164): ACTION_BATTERY_CHANGED pluggedType: 2
D/WifiService( 164): ACTION_BATTERY_CHANGED pluggedType: 2
D/WifiService( 164): ACTION_BATTERY_CHANGED pluggedType: 2
W/InputManagerService( 164): Window already focused, ignoring focus gain of: com.android.internal.view.IInputMethodClient$Stub$Proxy@469c3568
D/WifiService( 164): ACTION_BATTERY_CHANGED pluggedType: 2
D/WifiService( 164): ACTION_BATTERY_CHANGED pluggedType: 2
W/InputManagerService( 164): Window already focused, ignoring focus gain of: com.android.internal.view.IInputMethodClient$Stub$Proxy@46989888
E/AndroidRuntime( 8919): FATAL EXCEPTION: Thread-25
E/AndroidRuntime( 8919): java.lang.StackOverflowError
E/AndroidRuntime( 8919): at java.nio.ByteBuffer.(ByteBuffer.java:128)
E/AndroidRuntime( 8919): at java.nio.BaseByteBuffer. (BaseByteBuffer.java:26)
E/AndroidRuntime( 8919): at java.nio.HeapByteBuffer. (HeapByteBuffer.java:49)
E/AndroidRuntime( 8919): at java.nio.HeapByteBuffer. (HeapByteBuffer.java:41)
E/AndroidRuntime( 8919): at java.nio.ReadWriteHeapByteBuffer. (ReadWriteHeapByteBuffer.java:43)
E/AndroidRuntime( 8919): at java.nio.BufferFactory.newByteBuffer(BufferFactory.java:38)
E/AndroidRuntime( 8919): at java.nio.ByteBuffer.wrap(ByteBuffer.java:82)
E/AndroidRuntime( 8919): at java.nio.charset.CharsetEncoder.isLegalReplacement(CharsetEncoder.java:646)
E/AndroidRuntime( 8919): at java.nio.charset.CharsetEncoder.replaceWith(CharsetEncoder.java:752)
E/AndroidRuntime( 8919): at java.nio.charset.CharsetEncoder. (CharsetEncoder.java:184)
E/AndroidRuntime( 8919): at com.ibm.icu4jni.charset.CharsetEncoderICU. (CharsetEncoderICU.java:75)
E/AndroidRuntime( 8919): at com.ibm.icu4jni.charset.CharsetICU.newEncoder(CharsetICU.java:74)
E/AndroidRuntime( 8919): at java.nio.charset.Charset.encode(Charset.java:692)
E/AndroidRuntime( 8919): at java.lang.String.getBytes(String.java:903)
E/AndroidRuntime( 8919): at com.speedsoftware.rootexplorer.cx.c(Unknown Source)
E/AndroidRuntime( 8919): at com.speedsoftware.rootexplorer.cx.b(Unknown Source)
E/AndroidRuntime( 8919): at com.speedsoftware.rootexplorer.cx.a(Unknown Source)
E/AndroidRuntime( 8919): at com.speedsoftware.rootexplorer.cl.a(Unknown Source)
E/AndroidRuntime( 8919): at com.speedsoftware.rootexplorer.cl.b(Unknown Source)
E/AndroidRuntime( 8919): at com.speedsoftware.rootexplorer.cl.b(Unknown Source)
E/AndroidRuntime( 8919): at com.speedsoftware.rootexplorer.cl.b(Unknown Source)
E/AndroidRuntime( 8919): at com.speedsoftware.rootexplorer.cl.b(Unknown Source)
E/AndroidRuntime( 8919): at com.speedsoftware.rootexplorer.cl.b(Unknown Source)
E/AndroidRuntime( 8919): at com.speedsoftware.rootexplorer.cl.b(Unknown Source)
E/AndroidRuntime( 8919): at com.speedsoftware.rootexplorer.cl.b(Unknown Source)
E/AndroidRuntime( 8919): at com.speedsoftware.rootexplorer.cl.b(Unknown Source)
E/AndroidRuntime( 8919): at com.speedsoftware.rootexplorer.cl.b(Unknown Source)
E/AndroidRuntime( 8919): at com.speedsoftware.rootexplorer.cl.b(Unknown Source)
E/AndroidRuntime( 8919): at com.speedsoftware.rootexplorer.cl.b(Unknown Source)
E/AndroidRuntime( 8919): at com.speedsoftware.rootexplorer.cl.b(Unknown Source)
E/AndroidRuntime( 8919): at com.speedsoftware.rootexplorer.cl.b(Unknown Source)
E/AndroidRuntime( 8919): at com.speedsoftware.rootexplorer.cl.b(Unknown Source)
E/AndroidRuntime( 8919): at com.speedsoftware.rootexplorer.cl.b(Unknown Source)
E/AndroidRuntime( 8919): at com.speedsoftware.rootexplorer.cl.b(Unknown Source)
E/AndroidRuntime( 8919): at com.speedsoftware.rootexplorer.cl.b(Unknown Source)
E/AndroidRuntime( 8919): at com.speedsoftware.rootexplorer.cl.b(Unknown Source)
E/AndroidRuntime( 8919): at com.speedsoftware.rootexplorer.cl.b(Unknown Source)
E/AndroidRuntime( 8919): at com.speedsoftware.rootexplorer.cl.b(Unknown Source)
E/AndroidRuntime( 8919): at com.speedsoftware.rootexplorer.cl.b(Unknown Source)
E/AndroidRuntime( 8919): at com.speedsoftware.rootexplorer.cl.b(Unknown Source)
E/AndroidRuntime( 8919): at com.speedsoftware.rootexplorer.cl.b(Unknown Source)
E/AndroidRuntime( 8919): at com.speedsoftware.rootexplorer.cl.b(Unknown Source)
E/AndroidRuntime( 8919): at com.speedsoftware.rootexplorer.cl.b(Unknown Source)
E/AndroidRuntime( 8919): at com.speedsoftware.rootexplorer.cl.b(Unknown Source)
E/AndroidRuntime( 8919): at com.speedsoftware.rootexplorer.cl.b(Unknown Source)
E/AndroidRuntime( 8919): at com.speedsoftware.rootexplorer.cl.b(Unknown Source)
E/AndroidRuntime( 8919): at com.speedsoftware.rootexplorer.cl.b(Unknown Source)
E/AndroidRuntime( 8919): at com.speedsoftware.rootexplorer.cl.b(Unknown Source)
E/AndroidRuntime( 8919): at com.speedsoftware.rootexplorer.cl.b(Unknown Source)
E/AndroidRuntime( 8919): at com.speedsoftware.rootexplorer.cl.b(Unknown Source)
E/AndroidRuntime( 8919): at com.speedsoftware.rootexplorer.cl.b(Unknown Source)
E/AndroidRuntime( 8919): at com.speedsoftware.rootexplorer.cl.b(Unknown Source)
E/AndroidRuntime( 8919): at com.speedsoftware.rootexplorer.cl.b(Unknown Source)
E/AndroidRuntime( 8919): at com.speedsoftware.rootexplorer.cl.b(Unknown Source)
E/AndroidRuntime( 8919): at com.speedsoftware.rootexplorer.cl.b(Unknown Source)
E/AndroidRuntime( 8919): at com.speedsoftware.rootexplorer.cl.b(Unknown Source)
E/AndroidRuntime( 8919): at com.speedsoftware.rootexplorer.cl.b(Unknown Source)
E/AndroidRuntime( 8919): at com.speedsoftware.rootexplorer.cl.b(Unknown Source)
E/AndroidRuntime( 8919): at com.speedsoftware.rootexplorer.cl.b(Unknown Source)
E/AndroidRuntime( 8919): at com.speedsoftware.rootexplorer.cl.b(Unknown Source)
E/AndroidRuntime( 8919): at com.speedsoftware.rootexplorer.cl.b(Unknown Source)
E/AndroidRuntime( 8919): at com.speedsoftware.rootexplorer.cl.b(Unknown Source)
E/AndroidRuntime( 8919): at com.speedsoftware.rootexplorer.cl.b(Unknown Source)
E/AndroidRuntime( 8919): at com.speedsoftware.rootexplorer.cl.b(Unknown Source)
E/AndroidRuntime( 8919): at com.speedsoftware.rootexplorer.cl.b(Unknown Source)
E/AndroidRuntime( 8919): at com.speedsoftware.rootexplorer.cl.b(Unknown Source)
E/AndroidRuntime( 8919): at com.speedsoftware.rootexplorer.cl.b(Unknown Source)
E/AndroidRuntime( 8919): at com.speedsoftware.rootexplorer.cl.b(Unknown Source)
E/AndroidRuntime( 8919): at com.speedsoftware.rootexplorer.cl.b(Unknown Source)
E/AndroidRuntime( 8919): at com.speedsoftware.rootexplor
W/ActivityManager( 164): Force finishing activity com.speedsoftware.rootexplorer/.RootExplorer
W/InputManagerService( 164): Window already focused, ignoring focus gain of: com.android.internal.view.IInputMethodClient$Stub$Proxy@46ac5600
I/ActivityManager( 164): No longer want com.android.browser (pid 1027): hidden #16
I/ActivityManager( 164): Process com.speedsoftware.rootexplorer (pid 8919) has died.
I/ActivityManager( 164): Starting activity: Intent { act=android.intent.action.MAIN cat=[android.intent.category.LAUNCHER] flg=0x10200000 cmp=com.speedsoftware.rootexplorer/.RootExplorer }
I/ActivityManager( 164): Start proc com.speedsoftware.rootexplorer for activity com.speedsoftware.rootexplorer/.RootExplorer: pid=12175 uid=10041 gids={1015}
D/WifiService( 164): ACTION_BATTERY_CHANGED pluggedType: 2
W/InputManagerService( 164): Window already focused, ignoring focus gain of: com.android.internal.view.IInputMethodClient$Stub$Proxy@469c7e10
D/WifiService( 164): ACTION_BATTERY_CHANGED pluggedType: 2
E/AndroidRuntime(12175): FATAL EXCEPTION: Thread-15
E/AndroidRuntime(12175): java.lang.StackOverflowError
E/AndroidRuntime(12175): at java.nio.ByteBuffer. (ByteBuffer.java:128)
E/AndroidRuntime(12175): at java.nio.BaseByteBuffer. (BaseByteBuffer.java:26)
E/AndroidRuntime(12175): at java.nio.HeapByteBuffer. (HeapByteBuffer.java:49)
E/AndroidRuntime(12175): at java.nio.HeapByteBuffer. (HeapByteBuffer.java:41)
E/AndroidRuntime(12175): at java.nio.ReadWriteHeapByteBuffer. (ReadWriteHeapByteBuffer.java:43)
E/AndroidRuntime(12175): at java.nio.BufferFactory.newByteBuffer(BufferFactory.java:38)
E/AndroidRuntime(12175): at java.nio.ByteBuffer.wrap(ByteBuffer.java:82)
E/AndroidRuntime(12175): at java.nio.charset.CharsetEncoder.isLegalReplacement(CharsetEncoder.java:646)
E/AndroidRuntime(12175): at java.nio.charset.CharsetEncoder.replaceWith(CharsetEncoder.java:752)
E/AndroidRuntime(12175): at java.nio.charset.CharsetEncoder. (CharsetEncoder.java:184)
E/AndroidRuntime(12175): at com.ibm.icu4jni.charset.CharsetEncoderICU. (CharsetEncoderICU.java:75)
E/AndroidRuntime(12175): at com.ibm.icu4jni.charset.CharsetICU.newEncoder(CharsetICU.java:74)
E/AndroidRuntime(12175): at java.nio.charset.Charset.encode(Charset.java:692)
E/AndroidRuntime(12175): at java.lang.String.getBytes(String.java:903)
E/AndroidRuntime(12175): at com.speedsoftware.rootexplorer.cx.c(Unknown Source)
E/AndroidRuntime(12175): at com.speedsoftware.rootexplorer.cx.b(Unknown Source)
E/AndroidRuntime(12175): at com.speedsoftware.rootexplorer.cx.a(Unknown Source)
E/AndroidRuntime(12175): at com.speedsoftware.rootexplorer.cl.a(Unknown Source)
E/AndroidRuntime(12175): at com.speedsoftware.rootexplorer.cl.b(Unknown Source)
E/AndroidRuntime(12175): at com.speedsoftware.rootexplorer.cl.b(Unknown Source)
E/AndroidRuntime(12175): at com.speedsoftware.rootexplorer.cl.b(Unknown Source)
E/AndroidRuntime(12175): at com.speedsoftware.rootexplorer.cl.b(Unknown Source)
E/AndroidRuntime(12175): at com.speedsoftware.rootexplorer.cl.b(Unknown Source)
E/AndroidRuntime(12175): at com.speedsoftware.rootexplorer.cl.b(Unknown Source)
E/AndroidRuntime(12175): at com.speedsoftware.rootexplorer.cl.b(Unknown Source)
E/AndroidRuntime(12175): at com.speedsoftware.rootexplorer.cl.b(Unknown Source)
E/AndroidRuntime(12175): at com.speedsoftware.rootexplorer.cl.b(Unknown Source)
E/AndroidRuntime(12175): at com.speedsoftware.rootexplorer.cl.b(Unknown Source)
E/AndroidRuntime(12175): at com.speedsoftware.rootexplorer.cl.b(Unknown Source)
E/AndroidRuntime(12175): at com.speedsoftware.rootexplorer.cl.b(Unknown Source)
E/AndroidRuntime(12175): at com.speedsoftware.rootexplorer.cl.b(Unknown Source)
E/AndroidRuntime(12175): at com.speedsoftware.rootexplorer.cl.b(Unknown Source)
E/AndroidRuntime(12175): at com.speedsoftware.rootexplorer.cl.b(Unknown Source)
E/AndroidRuntime(12175): at com.speedsoftware.rootexplorer.cl.b(Unknown Source)
E/AndroidRuntime(12175): at com.speedsoftware.rootexplorer.cl.b(Unknown Source)
E/AndroidRuntime(12175): at com.speedsoftware.rootexplorer.cl.b(Unknown Source)
E/AndroidRuntime(12175): at com.speedsoftware.rootexplorer.cl.b(Unknown Source)
E/AndroidRuntime(12175): at com.speedsoftware.rootexplorer.cl.b(Unknown Source)
E/AndroidRuntime(12175): at com.speedsoftware.rootexplorer.cl.b(Unknown Source)
E/AndroidRuntime(12175): at com.speedsoftware.rootexplorer.cl.b(Unknown Source)
E/AndroidRuntime(12175): at com.speedsoftware.rootexplorer.cl.b(Unknown Source)
E/AndroidRuntime(12175): at com.speedsoftware.rootexplorer.cl.b(Unknown Source)
E/AndroidRuntime(12175): at com.speedsoftware.rootexplorer.cl.b(Unknown Source)
E/AndroidRuntime(12175): at com.speedsoftware.rootexplorer.cl.b(Unknown Source)
E/AndroidRuntime(12175): at com.speedsoftware.rootexplorer.cl.b(Unknown Source)
E/AndroidRuntime(12175): at com.speedsoftware.rootexplorer.cl.b(Unknown Source)
E/AndroidRuntime(12175): at com.speedsoftware.rootexplorer.cl.b(Unknown Source)
E/AndroidRuntime(12175): at com.speedsoftware.rootexplorer.cl.b(Unknown Source)
E/AndroidRuntime(12175): at com.speedsoftware.rootexplorer.cl.b(Unknown Source)
E/AndroidRuntime(12175): at com.speedsoftware.rootexplorer.cl.b(Unknown Source)
E/AndroidRuntime(12175): at com.speedsoftware.rootexplorer.cl.b(Unknown Source)
E/AndroidRuntime(12175): at com.speedsoftware.rootexplorer.cl.b(Unknown Source)
E/AndroidRuntime(12175): at com.speedsoftware.rootexplorer.cl.b(Unknown Source)
E/AndroidRuntime(12175): at com.speedsoftware.rootexplorer.cl.b(Unknown Source)
E/AndroidRuntime(12175): at com.speedsoftware.rootexplorer.cl.b(Unknown Source)
E/AndroidRuntime(12175): at com.speedsoftware.rootexplorer.cl.b(Unknown Source)
E/AndroidRuntime(12175): at com.speedsoftware.rootexplorer.cl.b(Unknown Source)
E/AndroidRuntime(12175): at com.speedsoftware.rootexplorer.cl.b(Unknown Source)
E/AndroidRuntime(12175): at com.speedsoftware.rootexplorer.cl.b(Unknown Source)
E/AndroidRuntime(12175): at com.speedsoftware.rootexplorer.cl.b(Unknown Source)
E/AndroidRuntime(12175): at com.speedsoftware.rootexplorer.cl.b(Unknown Source)
E/AndroidRuntime(12175): at com.speedsoftware.rootexplorer.cl.b(Unknown Source)
E/AndroidRuntime(12175): at com.speedsoftware.rootexplorer.cl.b(Unknown Source)
E/AndroidRuntime(12175): at com.speedsoftware.rootexplorer.cl.b(Unknown Source)
E/AndroidRuntime(12175): at com.speedsoftware.rootexplorer.cl.b(Unknown Source)
E/AndroidRuntime(12175): at com.speedsoftware.rootexplorer.cl.b(Unknown Source)
E/AndroidRuntime(12175): at com.speedsoftware.rootexplorer.cl.b(Unknown Source)
E/AndroidRuntime(12175): at com.speedsoftware.rootexplorer.cl.b(Unknown Source)
E/AndroidRuntime(12175): at com.speedsoftware.rootexplorer.cl.b(Unknown Source)
E/AndroidRuntime(12175): at com.speedsoftware.rootexplor
W/InputManagerService( 164): Window already focused, ignoring focus gain of: com.android.internal.view.IInputMethodClient$Stub$Proxy@46982180
W/ActivityManager( 164): Force finishing activity com.speedsoftware.rootexplorer/.RootExplorer
I/ActivityManager( 164): Process com.speedsoftware.rootexplorer (pid 12175) has died.
D/WifiService( 164): ACTION_BATTERY_CHANGED pluggedType: 2
I/ActivityManager( 164): Starting activity: Intent { act=android.intent.action.MAIN cat=[android.intent.category.LAUNCHER] flg=0x10200000 cmp=com.speedsoftware.rootexplorer/.RootExplorer }
I/ActivityManager( 164): Start proc com.speedsoftware.rootexplorer for activity com.speedsoftware.rootexplorer/.RootExplorer: pid=12874 uid=10041 gids={1015}
D/WifiService( 164): ACTION_BATTERY_CHANGED pluggedType: 2
I/WindowManager( 164): Setting rotation to 2, animFlags=0
I/ActivityManager( 164): Config changed: { scale=1.0 imsi=0/0 loc=md_US touch=3 keys=2/1/2 nav=3/1 orien=2 layout=19 uiMode=17 seq=46}
I/WindowManager( 164): Setting rotation to 1, animFlags=0
I/ActivityManager( 164): Config changed: { scale=1.0 imsi=0/0 loc=md_US touch=3 keys=2/1/2 nav=3/1 orien=1 layout=19 uiMode=17 seq=47}
D/WifiService( 164): ACTION_BATTERY_CHANGED pluggedType: 2
D/WifiService( 164): ACTION_BATTERY_CHANGED pluggedType: 2
D/WifiService( 164): ACTION_BATTERY_CHANGED pluggedType: 2
D/WifiService( 164): ACTION_BATTERY_CHANGED pluggedType: 2
D/WifiService( 164): ACTION_BATTERY_CHANGED pluggedType: 2
D/WifiService( 164): ACTION_BATTERY_CHANGED pluggedType: 2
D/WifiService( 164): ACTION_BATTERY_CHANGED pluggedType: 2
D/WifiService( 164): ACTION_BATTERY_CHANGED pluggedType: 2
D/WifiService( 164): ACTION_BATTERY_CHANGED pluggedType: 2
D/WifiService( 164): ACTION_BATTERY_CHANGED pluggedType: 2
D/WifiService( 164): ACTION_BATTERY_CHANGED pluggedType: 2
D/WifiService( 164): ACTION_BATTERY_CHANGED pluggedType: 2
D/WifiService( 164): ACTION_BATTERY_CHANGED pluggedType: 2
D/WifiService( 164): ACTION_BATTERY_CHANGED pluggedType: 2
D/WifiService( 164): ACTION_BATTERY_CHANGED pluggedType: 2
D/WifiService( 164): ACTION_BATTERY_CHANGED pluggedType: 2
D/WifiService( 164): ACTION_BATTERY_CHANGED pluggedType: 2
D/WifiService( 164): ACTION_BATTERY_CHANGED pluggedType: 2
D/WifiService( 164): ACTION_BATTERY_CHANGED pluggedType: 2
D/WifiService( 164): ACTION_BATTERY_CHANGED pluggedType: 2
D/WifiService( 164): ACTION_BATTERY_CHANGED pluggedType: 2
D/WifiService( 164): ACTION_BATTERY_CHANGED pluggedType: 2
D/WifiService( 164): ACTION_BATTERY_CHANGED pluggedType: 2
D/WifiService( 164): ACTION_BATTERY_CHANGED pluggedType: 2
D/WifiService( 164): ACTION_BATTERY_CHANGED pluggedType: 2
D/WifiService( 164): ACTION_BATTERY_CHANGED pluggedType: 2
W/UsbController( 111): Ignoring unknown switch 'usb_mass_storage'
I/StorageNotification( 164): UMS connection changed to false (media state mounted)
W/UsbController( 111): Ignoring unknown switch 'usb_configuration'
W/Vold ( 110): Ignoring unknown switch 'usb_configuration'
D/UsbController( 111): UsbController: handleSwitchEvent: Inside USB KERNEL EVENT
D/UsbController( 111): UsbController: handleSwitchEvent: USB OFFLINE
D/UsbController( 111): UsbController: notifyUsbConnected: USB Not Connected
D/NetworkManagmentService( 164): sending USB Intent
W/Vold ( 110): Ignoring unknown switch 'MSM72K_UDC'
D/WifiService( 164): ACTION_BATTERY_CHANGED pluggedType: 0
D/WifiService( 164): ACTION_BATTERY_CHANGED pluggedType: 0
D/WifiService( 164): ACTION_BATTERY_CHANGED pluggedType: 0
I/StorageNotification( 164): UMS connection changed to true (media state mounted)
W/UsbController( 111): Ignoring unknown switch 'usb_mass_storage'
D/UsbController( 111): UsbController: handleSwitchEvent: Inside USB KERNEL EVENT
D/UsbController( 111): UsbController: handleSwitchEvent: USB ONLINE
D/UsbController( 111): UsbController: notifyUsbConnected: USB Connected
W/UsbController( 111): Ignoring unknown switch 'usb_configuration'
W/Vold ( 110): Ignoring unknown switch 'MSM72K_UDC'
W/Vold ( 110): Ignoring unknown switch 'usb_configuration'
D/NetworkManagmentService( 164): sending USB Intent
W/UsbController( 111): Ignoring unknown switch 'usb_mass_storage'
W/UsbController( 111): Ignoring unknown switch 'usb_configuration'
D/UsbController( 111): UsbController: handleSwitchEvent: Inside USB KERNEL EVENT
D/UsbController( 111): UsbController: handleSwitchEvent: USB OFFLINE
D/UsbController( 111): UsbController: notifyUsbConnected: USB Not Connected
D/NetworkManagmentService( 164): sending USB Intent
W/Vold ( 110): Ignoring unknown switch 'usb_configuration'
W/Vold ( 110): Ignoring unknown switch 'MSM72K_UDC'
I/StorageNotification( 164): UMS connection changed to false (media state mounted)
D/WifiService( 164): ACTION_BATTERY_CHANGED pluggedType: 2
D/WifiService( 164): ACTION_BATTERY_CHANGED pluggedType: 2
W/UsbController( 111): Ignoring unknown switch 'usb_mass_storage'
D/UsbController( 111): UsbController: handleSwitchEvent: Inside USB KERNEL EVENT
D/UsbController( 111): UsbController: handleSwitchEvent: USB ONLINE
D/UsbController( 111): UsbController: notifyUsbConnected: USB Connected
D/NetworkManagmentService( 164): sending USB Intent
I/StorageNotification( 164): UMS connection changed to true (media state mounted)
W/Vold ( 110): Ignoring unknown switch 'MSM72K_UDC'
W/UsbController( 111): Ignoring unknown switch 'usb_configuration'
W/Vold ( 110): Ignoring unknown switch 'usb_configuration'
D/WifiService( 164): ACTION_BATTERY_CHANGED pluggedType: 2
D/WifiService( 164): ACTION_BATTERY_CHANGED pluggedType: 2
D/WifiService( 164): ACTION_BATTERY_CHANGED pluggedType: 2
W/InputManagerService( 164): Window already focused, ignoring focus gain of: com.android.internal.view.IInputMethodClient$Stub$Proxy@46c3c0f0
W/InputManagerService( 164): Window already focused, ignoring focus gain of: com.android.internal.view.IInputMethodClient$Stub$Proxy@46b9b488
D/WifiService( 164): ACTION_BATTERY_CHANGED pluggedType: 2
D/WifiService( 164): ACTION_BATTERY_CHANGED pluggedType: 2
I/WindowManager( 164): Setting rotation to 2, animFlags=0
I/ActivityManager( 164): Config changed: { scale=1.0 imsi=0/0 loc=md_US touch=3 keys=2/1/2 nav=3/1 orien=2 layout=19 uiMode=17 seq=48}
I/WindowManager( 164): Setting rotation to 1, animFlags=0
I/ActivityManager( 164): Config changed: { scale=1.0 imsi=0/0 loc=md_US touch=3 keys=2/1/2 nav=3/1 orien=1 layout=19 uiMode=17 seq=49}
D/WifiService( 164): ACTION_BATTERY_CHANGED pluggedType: 2
W/InputManagerService( 164): Window already focused, ignoring focus gain of: com.android.internal.view.IInputMethodClient$Stub$Proxy@46a84158
D/WifiService( 164): ACTION_BATTERY_CHANGED pluggedType: 2
D/WifiService( 164): ACTION_BATTERY_CHANGED pluggedType: 2
D/WifiService( 164): ACTION_BATTERY_CHANGED pluggedType: 2
D/WifiService( 164): ACTION_BATTERY_CHANGED pluggedType: 2
I/ActivityManager( 164): Starting activity: Intent { cmp=com.speedsoftware.rootexplorer/.PermissionsActivity (has extras) }
W/InputManagerService( 164): Window already focused, ignoring focus gain of: com.android.internal.view.IInputMethodClient$Stub$Proxy@46976628
D/WifiService( 164): ACTION_BATTERY_CHANGED pluggedType: 2
W/InputManagerService( 164): Window already focused, ignoring focus gain of: com.android.internal.view.IInputMethodClient$Stub$Proxy@46bacf38
D/StatusBar( 164): DISABLE_EXPAND: yes
I/WindowManager( 164): Setting rotation to 0, animFlags=1
I/ActivityManager( 164): Config changed: { scale=1.0 imsi=0/0 loc=md_US touch=3 keys=2/1/2 nav=3/1 orien=2 layout=19 uiMode=17 seq=50}
D/WifiService( 164): ACTION_SCREEN_OFF
D/WifiService( 164): ACTION_BATTERY_CHANGED pluggedType: 2
W/WindowManager( 164): No focus window, dropping: KeyEvent{action=1 code=4 repeat=0 meta=0 scancode=158 mFlags=8}
W/WindowManager( 164): No window to dispatch pointer action 0
W/WindowManager( 164): No window to dispatch pointer action 1
D/WifiService( 164): ACTION_SCREEN_ON
I/WindowManager( 164): Setting rotation to 1, animFlags=1
I/ActivityManager( 164): Config changed: { scale=1.0 imsi=0/0 loc=md_US touch=3 keys=2/1/2 nav=3/1 orien=1 layout=19 uiMode=17 seq=51}
W/InputManagerService( 164): Window already focused, ignoring focus gain of: com.android.internal.view.IInputMethodClient$Stub$Proxy@469db8a8
I/WindowManager( 164): Setting rotation to 0, animFlags=1
I/ActivityManager( 164): Config changed: { scale=1.0 imsi=0/0 loc=md_US touch=3 keys=2/1/2 nav=3/1 orien=2 layout=19 uiMode=17 seq=52}
I/WindowManager( 164): Setting rotation to 1, animFlags=1
I/ActivityManager( 164): Config changed: { scale=1.0 imsi=0/0 loc=md_US touch=3 keys=2/1/2 nav=3/1 orien=1 layout=19 uiMode=17 seq=53}
D/WifiService( 164): ACTION_BATTERY_CHANGED pluggedType: 2
D/WifiService( 164): ACTION_BATTERY_CHANGED pluggedType: 2
D/WifiService( 164): ACTION_BATTERY_CHANGED pluggedType: 2
D/WifiService( 164): ACTION_BATTERY_CHANGED pluggedType: 2
D/WifiService( 164): ACTION_BATTERY_CHANGED pluggedType: 2
D/WifiService( 164): ACTION_BATTERY_CHANGED pluggedType: 2
D/WifiService( 164): ACTION_BATTERY_CHANGED pluggedType: 2
D/WifiService( 164): ACTION_BATTERY_CHANGED pluggedType: 2
D/WifiService( 164): ACTION_BATTERY_CHANGED pluggedType: 2
W/InputManagerService( 164): Window already focused, ignoring focus gain of: com.android.internal.view.IInputMethodClient$Stub$Proxy@46b03030
D/WifiService( 164): ACTION_BATTERY_CHANGED pluggedType: 2
D/WifiService( 164): ACTION_BATTERY_CHANGED pluggedType: 2
D/WifiService( 164): ACTION_BATTERY_CHANGED pluggedType: 2
D/WifiService( 164): ACTION_BATTERY_CHANGED pluggedType: 2
D/WifiService( 164): ACTION_BATTERY_CHANGED pluggedType: 2
D/WifiService( 164): ACTION_BATTERY_CHANGED pluggedType: 2
D/WifiService( 164): ACTION_BATTERY_CHANGED pluggedType: 2
D/WifiService( 164): ACTION_BATTERY_CHANGED pluggedType: 2
D/WifiService( 164): ACTION_BATTERY_CHANGED pluggedType: 2
D/ConnectivityService( 164): ConnectivityChange for WIFI: CONNECTING/AUTHENTICATING
D/ConnectivityService( 164): Dropping ConnectivityChange for WIFI: CONNECTING/AUTHENTICATING
D/ConnectivityService( 164): ConnectivityChange for WIFI: CONNECTED/CONNECTED
D/ConnectivityService( 164): Got Network Connection Succ from Driver nwtype=1
D/WifiWatchdogService( 164): (android.server.ServerThread) (.)(.) (00:18:e7:e4:28:1c) does not require the watchdog
D/ConnectivityService( 164): adding dns 192.168.0.1 for WIFI
D/ConnectivityService( 164): Dropping ConnectivityChange for WIFI: CONNECTED/CONNECTED
D/WifiService( 164): ACTION_BATTERY_CHANGED pluggedType: 2
D/WifiService( 164): ACTION_BATTERY_CHANGED pluggedType: 2
D/WifiService( 164): ACTION_BATTERY_CHANGED pluggedType: 2
D/WifiService( 164): ACTION_BATTERY_CHANGED pluggedType: 2
I/WindowManager( 164): Setting rotation to 2, animFlags=0
I/ActivityManager( 164): Config changed: { scale=1.0 imsi=0/0 loc=md_US touch=3 keys=2/1/2 nav=3/1 orien=2 layout=19 uiMode=17 seq=54}
D/WifiService( 164): ACTION_BATTERY_CHANGED pluggedType: 2
I/WindowManager( 164): Setting rotation to 1, animFlags=0
I/ActivityManager( 164): Config changed: { scale=1.0 imsi=0/0 loc=md_US touch=3 keys=2/1/2 nav=3/1 orien=1 layout=19 uiMode=17 seq=55}
D/WifiService( 164): ACTION_BATTERY_CHANGED pluggedType: 2
D/WifiService( 164): ACTION_BATTERY_CHANGED pluggedType: 2
D/WifiService( 164): ACTION_BATTERY_CHANGED pluggedType: 2
D/WifiService( 164): ACTION_BATTERY_CHANGED pluggedType: 2
D/WifiService( 164): ACTION_BATTERY_CHANGED pluggedType: 2
D/WifiService( 164): ACTION_BATTERY_CHANGED pluggedType: 2
D/WifiService( 164): ACTION_BATTERY_CHANGED pluggedType: 2
D/WifiService( 164): ACTION_BATTERY_CHANGED pluggedType: 2
D/WifiService( 164): ACTION_BATTERY_CHANGED pluggedType: 2
D/WifiService( 164): ACTION_BATTERY_CHANGED pluggedType: 2
D/WifiService( 164): ACTION_BATTERY_CHANGED pluggedType: 2
D/WifiService( 164): ACTION_BATTERY_CHANGED pluggedType: 2
D/WifiService( 164): ACTION_BATTERY_CHANGED pluggedType: 2
D/WifiService( 164): ACTION_BATTERY_CHANGED pluggedType: 2
D/WifiService( 164): ACTION_BATTERY_CHANGED pluggedType: 2
I/WindowManager( 164): Setting rotation to 2, animFlags=0
I/ActivityManager( 164): Config changed: { scale=1.0 imsi=0/0 loc=md_US touch=3 keys=2/1/2 nav=3/1 orien=2 layout=19 uiMode=17 seq=56}
I/WindowManager( 164): Setting rotation to 1, animFlags=0
I/ActivityManager( 164): Config changed: { scale=1.0 imsi=0/0 loc=md_US touch=3 keys=2/1/2 nav=3/1 orien=1 layout=19 uiMode=17 seq=57}
D/WifiService( 164): ACTION_BATTERY_CHANGED pluggedType: 2
D/WifiService( 164): ACTION_BATTERY_CHANGED pluggedType: 2
D/WifiService( 164): ACTION_BATTERY_CHANGED pluggedType: 2
I/WindowManager( 164): Setting rotation to 2, animFlags=0
I/ActivityManager( 164): Config changed: { scale=1.0 imsi=0/0 loc=md_US touch=3 keys=2/1/2 nav=3/1 orien=2 layout=19 uiMode=17 seq=58}
I/WindowManager( 164): Setting rotation to 1, animFlags=0
I/ActivityManager( 164): Config changed: { scale=1.0 imsi=0/0 loc=md_US touch=3 keys=2/1/2 nav=3/1 orien=1 layout=19 uiMode=17 seq=59}
D/WifiService( 164): ACTION_BATTERY_CHANGED pluggedType: 2
I/WindowManager( 164): Setting rotation to 2, animFlags=0
I/ActivityManager( 164): Config changed: { scale=1.0 imsi=0/0 loc=md_US touch=3 keys=2/1/2 nav=3/1 orien=2 layout=19 uiMode=17 seq=60}
I/WindowManager( 164): Setting rotation to 1, animFlags=0
I/ActivityManager( 164): Config changed: { scale=1.0 imsi=0/0 loc=md_US touch=3 keys=2/1/2 nav=3/1 orien=1 layout=19 uiMode=17 seq=61}
I/WindowManager( 164): Setting rotation to 2, animFlags=0
I/ActivityManager( 164): Config changed: { scale=1.0 imsi=0/0 loc=md_US touch=3 keys=2/1/2 nav=3/1 orien=2 layout=19 uiMode=17 seq=62}
I/WindowManager( 164): Setting rotation to 1, animFlags=0
I/ActivityManager( 164): Config changed: { scale=1.0 imsi=0/0 loc=md_US touch=3 keys=2/1/2 nav=3/1 orien=1 layout=19 uiMode=17 seq=63}
D/WifiService( 164): ACTION_BATTERY_CHANGED pluggedType: 2
D/WifiService( 164): ACTION_BATTERY_CHANGED pluggedType: 2
I/WindowManager( 164): Setting rotation to 2, animFlags=0
I/ActivityManager( 164): Config changed: { scale=1.0 imsi=0/0 loc=md_US touch=3 keys=2/1/2 nav=3/1 orien=2 layout=19 uiMode=17 seq=64}
W/InputManagerService( 164): Window already focused, ignoring focus gain of: com.android.internal.view.IInputMethodClient$Stub$Proxy@46c92490
D/WifiService( 164): ACTION_BATTERY_CHANGED pluggedType: 2
W/InputManagerService( 164): Window already focused, ignoring focus gain of: com.android.internal.view.IInputMethodClient$Stub$Proxy@46b478d8
D/WifiService( 164): ACTION_BATTERY_CHANGED pluggedType: 2
D/WifiService( 164): ACTION_BATTERY_CHANGED pluggedType: 2
D/WifiService( 164): ACTION_BATTERY_CHANGED pluggedType: 2
D/WifiService( 164): ACTION_BATTERY_CHANGED pluggedType: 2
D/WifiService( 164): ACTION_BATTERY_CHANGED pluggedType: 2
D/WifiService( 164): ACTION_BATTERY_CHANGED pluggedType: 2
D/WifiService( 164): ACTION_BATTERY_CHANGED pluggedType: 2
D/WifiService( 164): ACTION_BATTERY_CHANGED pluggedType: 2
D/WifiService( 164): ACTION_BATTERY_CHANGED pluggedType: 2
D/WifiService( 164): ACTION_BATTERY_CHANGED pluggedType: 2
D/WifiService( 164): ACTION_BATTERY_CHANGED pluggedType: 2
D/WifiService( 164): ACTION_BATTERY_CHANGED pluggedType: 2
D/WifiService( 164): ACTION_BATTERY_CHANGED pluggedType: 2
D/WifiService( 164): ACTION_BATTERY_CHANGED pluggedType: 2
D/WifiService( 164): ACTION_BATTERY_CHANGED pluggedType: 2
D/WifiService( 164): ACTION_BATTERY_CHANGED pluggedType: 2
D/WifiService( 164): ACTION_BATTERY_CHANGED pluggedType: 2
D/WifiService( 164): ACTION_BATTERY_CHANGED pluggedType: 2
D/WifiService( 164): ACTION_BATTERY_CHANGED pluggedType: 2
D/WifiService( 164): ACTION_BATTERY_CHANGED pluggedType: 2
D/WifiService( 164): ACTION_BATTERY_CHANGED pluggedType: 2
D/WifiService( 164): ACTION_BATTERY_CHANGED pluggedType: 2
D/WifiService( 164): ACTION_BATTERY_CHANGED pluggedType: 2
D/WifiService( 164): ACTION_BATTERY_CHANGED pluggedType: 2
D/WifiService( 164): ACTION_BATTERY_CHANGED pluggedType: 2
D/WifiService( 164): ACTION_BATTERY_CHANGED pluggedType: 2
D/WifiService( 164): ACTION_BATTERY_CHANGED pluggedType: 2
D/WifiService( 164): ACTION_BATTERY_CHANGED pluggedType: 2
D/WifiService( 164): ACTION_BATTERY_CHANGED pluggedType: 2
D/WifiService( 164): ACTION_BATTERY_CHANGED pluggedType: 2
D/WifiService( 164): ACTION_BATTERY_CHANGED pluggedType: 2
D/WifiService( 164): ACTION_BATTERY_CHANGED pluggedType: 2
D/WifiService( 164): ACTION_BATTERY_CHANGED pluggedType: 2
D/WifiService( 164): ACTION_BATTERY_CHANGED pluggedType: 2
D/WifiService( 164): ACTION_BATTERY_CHANGED pluggedType: 2
D/WifiService( 164): ACTION_BATTERY_CHANGED pluggedType: 2
D/WifiService( 164): ACTION_BATTERY_CHANGED pluggedType: 2
D/WifiService( 164): ACTION_BATTERY_CHANGED pluggedType: 2
D/WifiService( 164): ACTION_BATTERY_CHANGED pluggedType: 2
D/WifiService( 164): ACTION_BATTERY_CHANGED pluggedType: 2
D/WifiService( 164): ACTION_BATTERY_CHANGED pluggedType: 2
D/WifiService( 164): ACTION_BATTERY_CHANGED pluggedType: 2
D/WifiService( 164): ACTION_BATTERY_CHANGED pluggedType: 2
D/WifiService( 164): ACTION_BATTERY_CHANGED pluggedType: 2
D/WifiService( 164): ACTION_BATTERY_CHANGED pluggedType: 2
D/WifiService( 164): ACTION_BATTERY_CHANGED pluggedType: 2
D/WifiService( 164): ACTION_BATTERY_CHANGED pluggedType: 2
D/WifiService( 164): ACTION_BATTERY_CHANGED pluggedType: 2
D/WifiService( 164): ACTION_BATTERY_CHANGED pluggedType: 2
D/WifiService( 164): ACTION_BATTERY_CHANGED pluggedType: 2
D/WifiService( 164): ACTION_BATTERY_CHANGED pluggedType: 2
D/WifiService( 164): ACTION_BATTERY_CHANGED pluggedType: 2
D/WifiService( 164): ACTION_BATTERY_CHANGED pluggedType: 2
D/WifiService( 164): ACTION_BATTERY_CHANGED pluggedType: 2
D/WifiService( 164): ACTION_BATTERY_CHANGED pluggedType: 2
D/WifiService( 164): ACTION_BATTERY_CHANGED pluggedType: 2
D/WifiService( 164): ACTION_BATTERY_CHANGED pluggedType: 2
D/WifiService( 164): ACTION_BATTERY_CHANGED pluggedType: 2
D/WifiService( 164): ACTION_BATTERY_CHANGED pluggedType: 2
D/WifiService( 164): ACTION_BATTERY_CHANGED pluggedType: 2
I/WindowManager( 164): Setting rotation to 3, animFlags=0
I/ActivityManager( 164): Config changed: { scale=1.0 imsi=0/0 loc=md_US touch=3 keys=2/1/2 nav=3/1 orien=1 layout=19 uiMode=17 seq=65}
D/WifiService( 164): ACTION_BATTERY_CHANGED pluggedType: 2
I/WindowManager( 164): Setting rotation to 2, animFlags=0
I/ActivityManager( 164): Config changed: { scale=1.0 imsi=0/0 loc=md_US touch=3 keys=2/1/2 nav=3/1 orien=2 layout=19 uiMode=17 seq=66}
I/WindowManager( 164): Setting rotation to 0, animFlags=0
I/WindowManager( 164): Setting rotation to 1, animFlags=0
I/ActivityManager( 164): Config changed: { scale=1.0 imsi=0/0 loc=md_US touch=3 keys=2/1/2 nav=3/1 orien=1 layout=19 uiMode=17 seq=67}
W/InputManagerService( 164): Window already focused, ignoring focus gain of: com.android.internal.view.IInputMethodClient$Stub$Proxy@46ce3d68
D/WifiService( 164): ACTION_BATTERY_CHANGED pluggedType: 2
I/WindowManager( 164): WIN DEATH: Window{46d08570 com.speedsoftware.rootexplorer/com.speedsoftware.rootexplorer.RootExplorer paused=true}
I/ActivityManager( 164): Process com.speedsoftware.rootexplorer (pid 12874) has died.
I/WindowManager( 164): WIN DEATH: Window{469bbdd8 AtchDlg:com.speedsoftware.rootexplorer/com.speedsoftware.rootexplorer.RootExplorer paused=false}
W/InputManagerService( 164): Got RemoteException sending setActive(false) notification to pid 12874 uid 10041
I/WindowManager( 164): Setting rotation to 2, animFlags=0
I/ActivityManager( 164): Config changed: { scale=1.0 imsi=0/0 loc=md_US touch=3 keys=2/1/2 nav=3/1 orien=2 layout=19 uiMode=17 seq=68}
I/UsageStats( 164): Unexpected resume of com.android.launcher while already resumed in com.android.launcher
D/WifiService( 164): ACTION_BATTERY_CHANGED pluggedType: 2
D/WifiService( 164): ACTION_BATTERY_CHANGED pluggedType: 2
D/WifiService( 164): ACTION_BATTERY_CHANGED pluggedType: 2
D/WifiService( 164): ACTION_BATTERY_CHANGED pluggedType: 2
D/WifiService( 164): ACTION_BATTERY_CHANGED pluggedType: 2
D/WifiService( 164): ACTION_BATTERY_CHANGED pluggedType: 2
D/WifiService( 164): ACTION_BATTERY_CHANGED pluggedType: 2
D/WifiService( 164): ACTION_BATTERY_CHANGED pluggedType: 2
D/WifiService( 164): ACTION_BATTERY_CHANGED pluggedType: 2
D/WifiService( 164): ACTION_BATTERY_CHANGED pluggedType: 2
D/WifiService( 164): ACTION_BATTERY_CHANGED pluggedType: 2
D/WifiService( 164): ACTION_BATTERY_CHANGED pluggedType: 2
D/WifiService( 164): ACTION_BATTERY_CHANGED pluggedType: 2
D/WifiService( 164): ACTION_BATTERY_CHANGED pluggedType: 2
D/WifiService( 164): ACTION_BATTERY_CHANGED pluggedType: 2
D/WifiService( 164): ACTION_BATTERY_CHANGED pluggedType: 2
D/WifiService( 164): ACTION_BATTERY_CHANGED pluggedType: 2
D/WifiService( 164): ACTION_BATTERY_CHANGED pluggedType: 2
D/WifiService( 164): ACTION_BATTERY_CHANGED pluggedType: 2
D/WifiService( 164): ACTION_BATTERY_CHANGED pluggedType: 2
D/WifiService( 164): ACTION_BATTERY_CHANGED pluggedType: 2
D/WifiService( 164): ACTION_BATTERY_CHANGED pluggedType: 2
D/WifiService( 164): ACTION_BATTERY_CHANGED pluggedType: 2
D/WifiService( 164): ACTION_BATTERY_CHANGED pluggedType: 2
D/WifiService( 164): ACTION_BATTERY_CHANGED pluggedType: 2
D/WifiService( 164): ACTION_BATTERY_CHANGED pluggedType: 2
D/WifiService( 164): ACTION_BATTERY_CHANGED pluggedType: 2
D/WifiService( 164): ACTION_BATTERY_CHANGED pluggedType: 2
D/WifiService( 164): ACTION_BATTERY_CHANGED pluggedType: 2
D/WifiService( 164): ACTION_BATTERY_CHANGED pluggedType: 2
I/WindowManager( 164): Setting rotation to 1, animFlags=0
I/ActivityManager( 164): Config changed: { scale=1.0 imsi=0/0 loc=md_US touch=3 keys=2/1/2 nav=3/1 orien=1 layout=19 uiMode=17 seq=69}
I/UsageStats( 164): Unexpected resume of com.android.launcher while already resumed in com.android.launcher
D/WifiService( 164): ACTION_BATTERY_CHANGED pluggedType: 2
I/ActivityManager( 164): Starting activity: Intent { act=android.intent.action.MAIN cat=[android.intent.category.LAUNCHER] flg=0x10200000 cmp=com.android.settings/.Settings }
I/ActivityManager( 164): Starting activity: Intent { act=android.intent.action.MAIN cmp=com.android.settings/.DeviceInfoSettings }
I/ActivityManager( 164): Starting activity: Intent { act=android.intent.action.MAIN cmp=com.android.settings/.deviceinfo.Status }
W/InputManagerService( 164): Starting input on non-focused client com.android.internal.view.IInputMethodClient$Stub$Proxy@469fc430 (uid=1001 pid=253)
I/ActivityManager( 164): Starting activity: Intent { act=android.intent.action.MAIN cmp=com.android.settings/.deviceinfo.Memory }
D/WifiService( 164): ACTION_BATTERY_CHANGED pluggedType: 2
D/WifiService( 164): ACTION_BATTERY_CHANGED pluggedType: 2
D/WifiService( 164): ACTION_BATTERY_CHANGED pluggedType: 2
D/WifiService( 164): ACTION_BATTERY_CHANGED pluggedType: 2
D/WifiService( 164): ACTION_BATTERY_CHANGED pluggedType: 2
D/WifiService( 164): ACTION_BATTERY_CHANGED pluggedType: 2
D/WifiService( 164): ACTION_BATTERY_CHANGED pluggedType: 2
D/WifiService( 164): ACTION_BATTERY_CHANGED pluggedType: 2
D/WifiService( 164): ACTION_BATTERY_CHANGED pluggedType: 2
D/WifiService( 164): ACTION_BATTERY_CHANGED pluggedType: 2
I/ActivityManager( 164): Starting activity: Intent { cmp=android/com.android.server.status.UsbStorageActivity bnds=[224,166][544,230] }
W/ActivityManager( 164): startActivity called from non-Activity context; forcing Intent.FLAG_ACTIVITY_NEW_TASK for: Intent { flg=0x800000 cmp=android/com.android.server.status.UsbStorageActivity bnds=[224,166][544,230] }
D/VoldCmdListener( 110): volume shared /mnt/sdcard ums
D/WifiService( 164): ACTION_BATTERY_CHANGED pluggedType: 2
D/VoldCmdListener( 110): storage users /mnt/sdcard
D/VoldCmdListener( 110): asec list
W/InputManagerService( 164): Window already focused, ignoring focus gain of: android.view.inputmethod.InputMethodManager$1@46bb7328
D/VoldCmdListener( 110): storage users /mnt/sdcard
W/ActivityManager( 164): Killing processes unmount media at adjustment 15
W/ActivityManager( 164): Killing ProcessRecord{46ae2d98 8732:com.cooliris.media/10032} (adj 15): unmount media
D/VoldCmdListener( 110): storage users /mnt/sdcard
D/VoldCmdListener( 110): volume unmount /mnt/sdcard force
D/Vold ( 110): Volume sdcard state changing 4 (Mounted) -> 5 (Unmounting)
I/StorageNotification( 164): Media {/mnt/sdcard} state changed from {mounted} -> {unmounted}
I/ActivityManager( 164): Start proc com.cooliris.media for broadcast com.cooliris.media/com.cooliris.cache.BootReceiver: pid=16456 uid=10032 gids={1015, 3003}
I/Vold ( 110): /mnt/secure/staging/.android_secure sucessfully unmounted
I/Vold ( 110): /mnt/secure/asec sucessfully unmounted
I/Vold ( 110): /mnt/secure/staging sucessfully unmounted
I/Vold ( 110): /mnt/sdcard unmounted sucessfully
D/Vold ( 110): Volume sdcard state changing 5 (Unmounting) -> 1 (Idle-Unmounted)
D/VoldCmdListener( 110): volume shared /mnt/sdcard ums
D/VoldCmdListener( 110): volume share /mnt/sdcard ums
D/Vold ( 110): Volume sdcard state changing 1 (Idle-Unmounted) -> 7 (Shared-Unmounted)
W/MountService( 164): Duplicate state transition (unmounted -> unmounted)
I/StorageNotification( 164): Media {/mnt/sdcard} state changed from {unmounted} -> {shared}
D/WifiService( 164): ACTION_BATTERY_CHANGED pluggedType: 2
D/WifiService( 164): ACTION_BATTERY_CHANGED pluggedType: 2
D/WifiService( 164): ACTION_BATTERY_CHANGED pluggedType: 2
D/WifiService( 164): ACTION_BATTERY_CHANGED pluggedType: 2
D/WifiService( 164): ACTION_BATTERY_CHANGED pluggedType: 2
D/VoldCmdListener( 110): volume unshare /mnt/sdcard ums
